{"id":70062,"date":"2025-10-17T07:23:49","date_gmt":"2025-10-17T07:23:49","guid":{"rendered":"https:\/\/eu.motorad.com\/part\/mo223\/"},"modified":"2026-04-28T06:48:57","modified_gmt":"2026-04-28T06:48:57","slug":"mo223","status":"publish","type":"part","link":"https:\/\/eu.motorad.com\/de\/part\/mo223\/","title":{"rendered":"MO223"},"template":"","parts-tax":[3606,3639],"class_list":["post-70062","part","type-part","status-publish","hentry","parts-tax-kappen","parts-tax-standard-oeldeckel"],"acf":[],"yoast_head":"<!-- This site is optimized with the Yoast SEO Premium plugin v27.2 (Yoast SEO v27.5) - https:\/\/yoast.com\/product\/yoast-seo-premium-wordpress\/ -->\n<title>MotoRad -Dichtungskappe f\u00fcr \u00d6leinf\u00fcllstutzen - MO223<\/title>\n<meta name=\"description\" content=\"MotoRad Dichtungskappe f\u00fcr \u00d6leinf\u00fcllstutzen - MO223 7\" \/>\n<meta name=\"robots\" content=\"index, follow, max-snippet:-1, max-image-preview:large, max-video-preview:-1\" \/>\n<link rel=\"canonical\" href=\"https:\/\/eu.motorad.com\/de\/part\/mo223\/\" \/>\n<meta property=\"og:locale\" content=\"de_DE\" \/>\n<meta property=\"og:type\" content=\"article\" \/>\n<meta property=\"og:title\" content=\"MotoRad -Dichtungskappe f\u00fcr \u00d6leinf\u00fcllstutzen - MO223\" \/>\n<meta property=\"og:description\" content=\"MotoRad Dichtungskappe f\u00fcr \u00d6leinf\u00fcllstutzen - MO223 7\" \/>\n<meta property=\"og:url\" content=\"https:\/\/eu.motorad.com\/de\/part\/mo223\/\" \/>\n<meta property=\"og:site_name\" content=\"MotoRad\" \/>\n<meta property=\"article:modified_time\" content=\"2026-04-28T06:48:57+00:00\" \/>\n<meta name=\"twitter:card\" content=\"summary_large_image\" \/>\n<script type=\"application\/ld+json\" class=\"yoast-schema-graph\">{\"@context\":\"https:\\\/\\\/schema.org\",\"@graph\":[{\"@type\":[\"WebPage\",\"ItemPage\"],\"@id\":\"https:\\\/\\\/eu.motorad.com\\\/de\\\/part\\\/mo223\\\/\",\"url\":\"https:\\\/\\\/eu.motorad.com\\\/de\\\/part\\\/mo223\\\/\",\"name\":\"MotoRad -Dichtungskappe f\u00fcr \u00d6leinf\u00fcllstutzen - MO223\",\"isPartOf\":{\"@id\":\"https:\\\/\\\/eu.motorad.com\\\/de\\\/#website\"},\"datePublished\":\"2025-10-17T07:23:49+00:00\",\"dateModified\":\"2026-04-28T06:48:57+00:00\",\"description\":\"MotoRad Dichtungskappe f\u00fcr \u00d6leinf\u00fcllstutzen - MO223 7\",\"breadcrumb\":{\"@id\":\"https:\\\/\\\/eu.motorad.com\\\/de\\\/part\\\/mo223\\\/#breadcrumb\"},\"inLanguage\":\"de\",\"potentialAction\":[{\"@type\":\"ReadAction\",\"target\":[\"https:\\\/\\\/eu.motorad.com\\\/de\\\/part\\\/mo223\\\/\"]}]},{\"@type\":\"BreadcrumbList\",\"@id\":\"https:\\\/\\\/eu.motorad.com\\\/de\\\/part\\\/mo223\\\/#breadcrumb\",\"itemListElement\":[{\"@type\":\"ListItem\",\"position\":1,\"name\":\"Home\",\"item\":\"https:\\\/\\\/motoradnew.test\\\/de\\\/hauptseite\\\/\"},{\"@type\":\"ListItem\",\"position\":2,\"name\":\"MO223\"}]},{\"@type\":\"WebSite\",\"@id\":\"https:\\\/\\\/eu.motorad.com\\\/de\\\/#website\",\"url\":\"https:\\\/\\\/eu.motorad.com\\\/de\\\/\",\"name\":\"MotoRad\",\"description\":\"Trusted to Deliver Better - Thermal Management, Emissions, Powertrain Controls\",\"potentialAction\":[{\"@type\":\"SearchAction\",\"target\":{\"@type\":\"EntryPoint\",\"urlTemplate\":\"https:\\\/\\\/eu.motorad.com\\\/de\\\/?s={search_term_string}\"},\"query-input\":{\"@type\":\"PropertyValueSpecification\",\"valueRequired\":true,\"valueName\":\"search_term_string\"}}],\"inLanguage\":\"de\"}]}<\/script>\n<!-- \/ Yoast SEO Premium plugin. -->","yoast_head_json":{"title":"MotoRad -Dichtungskappe f\u00fcr \u00d6leinf\u00fcllstutzen - MO223","description":"MotoRad Dichtungskappe f\u00fcr \u00d6leinf\u00fcllstutzen - MO223 7","robots":{"index":"index","follow":"follow","max-snippet":"max-snippet:-1","max-image-preview":"max-image-preview:large","max-video-preview":"max-video-preview:-1"},"canonical":"https:\/\/eu.motorad.com\/de\/part\/mo223\/","og_locale":"de_DE","og_type":"article","og_title":"MotoRad -Dichtungskappe f\u00fcr \u00d6leinf\u00fcllstutzen - MO223","og_description":"MotoRad Dichtungskappe f\u00fcr \u00d6leinf\u00fcllstutzen - MO223 7","og_url":"https:\/\/eu.motorad.com\/de\/part\/mo223\/","og_site_name":"MotoRad","article_modified_time":"2026-04-28T06:48:57+00:00","twitter_card":"summary_large_image","schema":{"@context":"https:\/\/schema.org","@graph":[{"@type":["WebPage","ItemPage"],"@id":"https:\/\/eu.motorad.com\/de\/part\/mo223\/","url":"https:\/\/eu.motorad.com\/de\/part\/mo223\/","name":"MotoRad -Dichtungskappe f\u00fcr \u00d6leinf\u00fcllstutzen - MO223","isPartOf":{"@id":"https:\/\/eu.motorad.com\/de\/#website"},"datePublished":"2025-10-17T07:23:49+00:00","dateModified":"2026-04-28T06:48:57+00:00","description":"MotoRad Dichtungskappe f\u00fcr \u00d6leinf\u00fcllstutzen - MO223 7","breadcrumb":{"@id":"https:\/\/eu.motorad.com\/de\/part\/mo223\/#breadcrumb"},"inLanguage":"de","potentialAction":[{"@type":"ReadAction","target":["https:\/\/eu.motorad.com\/de\/part\/mo223\/"]}]},{"@type":"BreadcrumbList","@id":"https:\/\/eu.motorad.com\/de\/part\/mo223\/#breadcrumb","itemListElement":[{"@type":"ListItem","position":1,"name":"Home","item":"https:\/\/motoradnew.test\/de\/hauptseite\/"},{"@type":"ListItem","position":2,"name":"MO223"}]},{"@type":"WebSite","@id":"https:\/\/eu.motorad.com\/de\/#website","url":"https:\/\/eu.motorad.com\/de\/","name":"MotoRad","description":"Trusted to Deliver Better - Thermal Management, Emissions, Powertrain Controls","potentialAction":[{"@type":"SearchAction","target":{"@type":"EntryPoint","urlTemplate":"https:\/\/eu.motorad.com\/de\/?s={search_term_string}"},"query-input":{"@type":"PropertyValueSpecification","valueRequired":true,"valueName":"search_term_string"}}],"inLanguage":"de"}]}},"_links":{"self":[{"href":"https:\/\/eu.motorad.com\/de\/wp-json\/wp\/v2\/part\/70062","targetHints":{"allow":["GET"]}}],"collection":[{"href":"https:\/\/eu.motorad.com\/de\/wp-json\/wp\/v2\/part"}],"about":[{"href":"https:\/\/eu.motorad.com\/de\/wp-json\/wp\/v2\/types\/part"}],"wp:attachment":[{"href":"https:\/\/eu.motorad.com\/de\/wp-json\/wp\/v2\/media?parent=70062"}],"wp:term":[{"taxonomy":"parts-tax","embeddable":true,"href":"https:\/\/eu.motorad.com\/de\/wp-json\/wp\/v2\/parts-tax?post=70062"}],"curies":[{"name":"wp","href":"https:\/\/api.w.org\/{rel}","templated":true}]}}

<!-- This site is optimized with the Yoast SEO Premium plugin v27.2 (Yoast SEO v27.5) - https://yoast.com/product/yoast-seo-premium-wordpress/ -->
<title>MotoRad -Dichtungskappe für Öleinfüllstutzen - MO223</title>
<meta name="description" content="MotoRad Dichtungskappe für Öleinfüllstutzen - MO223 7" />
<meta name="robots" content="index, follow, max-snippet:-1, max-image-preview:large, max-video-preview:-1" />
<link rel="canonical" href="https://eu.motorad.com/de/part/mo223/" />
<meta property="og:locale" content="de_DE" />
<meta property="og:type" content="article" />
<meta property="og:title" content="MotoRad -Dichtungskappe für Öleinfüllstutzen - MO223" />
<meta property="og:description" content="MotoRad Dichtungskappe für Öleinfüllstutzen - MO223 7" />
<meta property="og:url" content="https://eu.motorad.com/de/part/mo223/" />
<meta property="og:site_name" content="MotoRad" />
<meta property="article:modified_time" content="2026-04-28T06:48:57+00:00" />
<meta name="twitter:card" content="summary_large_image" />
<script type="application/ld+json" class="yoast-schema-graph">{"@context":"https:\/\/schema.org","@graph":[{"@type":["WebPage","ItemPage"],"@id":"https:\/\/eu.motorad.com\/de\/part\/mo223\/","url":"https:\/\/eu.motorad.com\/de\/part\/mo223\/","name":"MotoRad -Dichtungskappe für Öleinfüllstutzen - MO223","isPartOf":{"@id":"https:\/\/eu.motorad.com\/de\/#website"},"datePublished":"2025-10-17T07:23:49+00:00","dateModified":"2026-04-28T06:48:57+00:00","description":"MotoRad Dichtungskappe für Öleinfüllstutzen - MO223 7","breadcrumb":{"@id":"https:\/\/eu.motorad.com\/de\/part\/mo223\/#breadcrumb"},"inLanguage":"de","potentialAction":[{"@type":"ReadAction","target":["https:\/\/eu.motorad.com\/de\/part\/mo223\/"]}]},{"@type":"BreadcrumbList","@id":"https:\/\/eu.motorad.com\/de\/part\/mo223\/#breadcrumb","itemListElement":[{"@type":"ListItem","position":1,"name":"Home","item":"https:\/\/motoradnew.test\/de\/hauptseite\/"},{"@type":"ListItem","position":2,"name":"MO223"}]},{"@type":"WebSite","@id":"https:\/\/eu.motorad.com\/de\/#website","url":"https:\/\/eu.motorad.com\/de\/","name":"MotoRad","description":"Trusted to Deliver Better - Thermal Management, Emissions, Powertrain Controls","potentialAction":[{"@type":"SearchAction","target":{"@type":"EntryPoint","urlTemplate":"https:\/\/eu.motorad.com\/de\/?s={search_term_string}"},"query-input":{"@type":"PropertyValueSpecification","valueRequired":true,"valueName":"search_term_string"}}],"inLanguage":"de"}]}</script>
<!-- / Yoast SEO Premium plugin. -->

MotoRad -Dichtungskappe für Öleinfüllstutzen - MO223

MotoRad Dichtungskappe für Öleinfüllstutzen - MO223 7
